99744564.
6852
Calculate the highest common divisor of 584659648 and 3655.
731
What is the highest common factor of 560071 and 985?
197
What is the greatest common divisor of 219816 and 130782?
426
What is the greatest common factor of 405799743 and 389?
389
Calculate the highest common factor of 483591 and 2834340.
1461
Calculate the highest common divisor of 91419805 and 10568.
1321
Calculate the greatest common divisor of 15298022 and 174.
58
Calculate the highest common factor of 107315780 and 1727.
1727
Calculate the highest common divisor of 11392335 and 90.
45
Calculate the highest common factor of 411723 and 18954.
1053
Calculate the highest common divisor of 291858398 and 286.
26
Calculate the greatest common divisor of 12204119 and 1349.
71
Calculate the greatest common divisor of 73126550 and 700.
350
What is the highest common factor of 18 and 174371508?
18
Calculate the highest common factor of 3018930 and 145573.
977
What is the highest common divisor of 316800484 and 1068?
356
Calculate the greatest common divisor of 711150 and 20580.
30
Calculate the highest common factor of 194702173 and 51.
17
Calculate the highest common factor of 3137 and 275202736.
3137
What is the highest common factor of 1496 and 1289620?
68
What is the highest common factor of 138729 and 650022?
393
What is the highest common factor of 29821 and 7601644?
2711
What is the greatest common divisor of 511375627 and 14?
7
Calculate the highest common factor of 72 and 6084657.
9
Calculate the highest common factor of 105910093 and 41.
41
Calculate the highest common divisor of 1932 and 31668.
84
What is the highest common divisor of 105 and 681517655?
35
Calculate the highest common factor of 2307 and 24219.
3
Calculate the greatest common divisor of 85697 and 11594.
17
What is the highest common divisor of 292750575 and 2850?
1425
What is the greatest common factor of 1048515 and 351975?
3705
What is the greatest common factor of 145348152 and 1888?
472
What is the greatest common divisor of 8424 and 14292072?
216
What is the greatest common factor of 1079808 and 7125?
57
Calculate the highest common factor of 1426084520 and 2715.
905
What is the greatest common divisor of 1216332 and 1009332?
828
What is the highest common factor of 143500 and 194012?
1148
What is the greatest common factor of 9153244 and 72?
4
Calculate the highest common factor of 146897614 and 44302.
2606
Calculate the highest common factor of 16851380 and 987.
329
What is the highest common divisor of 4901 and 955289?
29
Calculate the greatest common factor of 172 and 43545154.
86
Calculate the greatest common divisor of 336603 and 203.
29
Calculate the greatest common divisor of 18089632 and 48224.
352
Calculate the greatest common factor of 6521360 and 10.
10
What is the highest common divisor of 28178 and 1651694?
386
What is the highest common divisor of 423062410 and 5118?
1706
What is the highest common factor of 4366496 and 480?
32
Calculate the highest common divisor of 16570 and 4320.
10
Calculate the greatest common divisor of 17966 and 277654.
26
What is the highest common divisor of 5083 and 80801?
17
What is the greatest common factor of 21771 and 29331?
9
Calculate the highest common divisor of 16997 and 6693.
23
What is the greatest common factor of 14150239 and 2567?
17
Calculate the greatest common factor of 45 and 821075.
5
Calculate the greatest common factor of 82365843 and 182112.
5691
What is the greatest common divisor of 670 and 211551361?
67
Calculate the greatest common factor of 148400 and 3170.
10
What is the highest common divisor of 2050 and 287463300?
2050
What is the highest common divisor of 3984228 and 34992?
972
What is the greatest common divisor of 56125738 and 442?
34
What is the highest common factor of 6385088 and 3136?
64
Calculate the highest common divisor of 851533826 and 286.
286
Calculate the greatest common divisor of 172559 and 301.
43
What is the highest common divisor of 1180126 and 58?
58
What is the greatest common factor of 5263757 and 184?
23
What is the highest common factor of 9205 and 41759403?
1841
Calculate the greatest common divisor of 416 and 7193290.
26
What is the greatest common divisor of 260794 and 9272?
38
Calculate the greatest common factor of 1078826 and 1480822.
4102
Calculate the greatest common factor of 2615713 and 15544.
29
Calculate the greatest common divisor of 3417 and 32978271.
201
Calculate the greatest common divisor of 2130 and 43410.
30
Calculate the highest common factor of 301336210 and 7.
7
Calculate the highest common divisor of 815733 and 658188.
3501
What is the highest common divisor of 10607290 and 4514?
122
What is the greatest common divisor of 19222640 and 248?
8
What is the highest common divisor of 793 and 4123158?
13
What is the highest common divisor of 14 and 22662661?
7
Calculate the greatest common divisor of 20796835 and 10.
5
Calculate the greatest common factor of 277872 and 14736.
48
What is the greatest common divisor of 73421955 and 15?
15
Calculate the greatest common divisor of 2285096 and 460.
92
What is the highest common divisor of 174561 and 28734993?
5631
Calculate the greatest common factor of 168 and 150444.
84
What is the highest common factor of 1763085 and 3735?
15
Calculate the highest common divisor of 34567522 and 176.
22
Calculate the highest common divisor of 2422020397 and 137.
137
What is the highest common divisor of 3828 and 234124?
44
What is the greatest common divisor of 342637 and 135587?
41
Calculate the greatest common factor of 649 and 5478583.
11
Calculate the highest common divisor of 584089380 and 531.
531
What is the greatest common divisor of 82 and 5397486?
82
What is the highest common factor of 20438766 and 1656?
414
Calculate the greatest common divisor of 70 and 285030858.
14
What is the greatest common factor of 34219675 and 14?
7
What is the highest common divisor of 296 and 116755757?
37
What is the greatest common factor of 28294218 and 108?
54
Calculate the greatest common factor of 2530912 and 4256.
32
Calculate the greatest common factor of 116550 and 8190.
630
Calculate the greatest common factor of 19519 and 975503.
149
What is the highest common factor of 392040 and 301320?
3240
Calculate the greatest common divisor of 4263 and 7134.
87
Calculate the greatest common factor of 7208628 and 14.
14
What is the greatest common factor of 933 and 452502512?
311
What is the highest common factor of 67 and 1636073?
67
Calculate the greatest common divisor of 1064 and 46128404.
28
Calculate the greatest common factor of 20194 and 4893094.
878
What is the greatest common factor of 54120 and 2102685?
615
What is the highest common factor of 12380298 and 56?
14
What is the highest common divisor of 670993798 and 2766?
922
What is the greatest common divisor of 8056070 and 3730?
10
Calculate the greatest common divisor of 940 and 150820.
20
What is the highest common factor of 9 and 24406047?
9
Calculate the greatest common divisor of 64372 and 205086.
266
What is the greatest common divisor of 3320 and 5441895?
415
What is the highest common divisor of 251587 and 4906937?
1981
Calculate the greatest common factor of 7 and 18063101.
7
What is the highest common factor of 1660 and 6407932?
332
Calculate the greatest common factor of 47 and 415757347.
47
Calculate the highest common divisor of 91 and 4838327.
13
What is the greatest common divisor of 9390096 and 1525?
61
What is the highest common divisor of 1881 and 7031439?
9
What is the highest common factor of 4919340 and 1561815?
7545
What is the highest common divisor of 469938 and 7?
7
Calculate the greatest common divisor of 6393189 and 61457.
1661
Calculate the highest common divisor of 639364 and 24926.
242
What is the greatest common factor of 333 and 151295886?
333
Calculate the highest common divisor of 106928527 and 842.
421
Calculate the greatest common factor of 886004 and 2268.
28
Calculate the highest common divisor of 2492 and 228263.
7
What is the greatest common divisor of 572365 and 240?
5
Calculate the highest common divisor of 50157 and 25470.
9
What is the highest common factor of 11808 and 1843852?
164
What is the greatest common divisor of 1501131 and 1088667?
1983
C